 = -4*n(z) - 3*x(z). What is the thousands digit of u(-25)?
1
Suppose 7 = -7*d + 35. Suppose 3*h - 7*h = 2*v, -5*h - d*v = 6. What is the tens digit of (-3)/h*(-1880)/30?
9
Let k = 4829 + -4718. What is the hundreds digit of k?
1
Let p = 12804 + -8565. What is the tens digit of p?
3
Suppose -6*y - 1142 - 556 = 0. Let b = 288 + y. What is the units digit of b?
5
Let n(j) = -11*j - 39 + 10*j**2 + 4*j**3 - 5*j**3 + 30. Let o be n(7). Suppose 215 - o = 2*h. What is the units digit of h?
7
Let r(y) = -501*y**3 - y**2 + 2*y + 2. Let f be r(-1). Suppose 6*k - 2048 + f = 0. Let c = 409 - k. What is the tens digit of c?
5
Let s = 133 + -48. Let x = -217 + s. What is the tens digit of (x/(-10))/(4*3/120)?
3
Let a = 10107 - 1035. What is the hundreds digit of a?
0
Let h be 5 - ((-4)/(-1) - -67). Let v = 281 - h. What is the tens digit of v?
4
Suppose -4*g + 264333 = 3*q, -330460 = 101*g - 106*g + 5*q. What is the units digit of g?
7
Suppose -99*n - 240 = 21*n. Suppose 0 = -5*b + u - 6747, -2*b - 5*u = 2*b + 5415. What is the tens digit of b/(-20) + (-1)/n?
6
Let i = 978 - -1218. Suppose h + 2*k - 34 = 710, -3*h + 3*k + i = 0. What is the tens digit of h?
3
Let z(j) = 6152*j - 677. What is the tens digit of z(2)?
2
Let k(j) = j**2 - 13*j + 4. Let t = 70 - 37. Suppose -4*b = 3*i - 9 - 18, 3*i - t = -2*b. What is the units digit of k(i)?
4
Let m(y) be the first derivative of y**3 - 19*y**2 + 324*y - 128. What is the hundreds digit of m(20)?
7
Let c = 172 + 594. Suppose -c = -3*g + 2*t, 4*g - t - 174 = 854. Suppose 2*w - g = -w + 3*m, 5*m + 25 = 0. What is the tens digit of w?
8
Suppose -2*w - 2 = -2*q - 0*w, -14 = -2*q - 4*w. Suppose 4*x = 8*x + 4*r - 6676, -5*x = q*r - 8349. What is the hundreds digit of x?
6
What is the tens digit of -3 - ((-20)/60)/((-1)/(-22647))?
4
What is the units digit of ((-1)/5*3110/6)/(1/(-243))?
1
Suppose 91 = z + 4*j, -185*z + 188*z + j - 295 = 0. Suppose -182 - 10 = 3*c. Let t = z + c. What is the units digit of t?
5
Let g be 40/(-6) + (-1)/3. Let x(d) = d**3 + 3*d**2 + 12*d**2 - 7*d**2 + 0*d**2 + d - 22 + 44. What is the tens digit of x(g)?
6
Suppose -z + 5936 = x, 0*x = 3*x - z - 17828. What is the hundreds digit of x/5 + 36/(-180)?
1
Suppose -12 = -3*t - t. Suppose -2*r + 415 = 3*c, -5 = -r + 2*c + 213. Suppose -3*b = 4*x - r, -310 + 39 = -4*b - t*x. What is the tens digit of b?
6
What is the units digit of ((-12)/(-12))/(9/(-9 + 348246))?
3
Let j(v) = -3*v - 8. Let i be j(-4). Let w(q) = -7*q - 1. Let h(z) = 8*z. Let g(d) = i*h(d) + 3*w(d). What is the tens digit of g(6)?
6
Let d = 2500 - -8671. Suppose 0 = 41*m - 15479 - d. What is the tens digit of m?
5
Let c be (-330)/(-40) + 2/(-8). Suppose 6*i - c = 76. What is the hundreds digit of (-3256)/(-14) - ((-90)/i + 6)?
2
Let t be 4/(-16) - 219*(-2)/(-8). Let j = t + 81. Suppose -3*g + j = 11. What is the units digit of g?
5
Let n(r) = 6*r - 16. Let x(d) = -2*d + 35. Let h be x(16). Let i be n(h). Suppose -i*m - m + 25 = w, -5*m + 15 = w. What is the tens digit of w?
4
What is the thousands digit of (-16)/6*468552/(-224)?
5
Let q = 18748 - 12135. What is the hundreds digit of q?
6
Let x be (-19 - 407)*((-14)/4 - 1). Let l = -983 + x. What is the hundreds digit of l?
9
Let d be 6/(-1)*(-40)/12. Suppose o + d = 5*v, 5*o - 5 - 7 = -3*v. Suppose 4*n + 302 = 5*z, o*z + n = -z + 55. What is the units digit of z?
8
Suppose 0 = 2*w + 5*u - 19293, -2*u + 9644 = -6*w + 7*w. What is the thousands digit of w?
9
Let b = 7459 + 12227. Suppose -b = z - 35*z. What is the tens digit of z?
7
Suppose 1321 = 3*h + 421. Let b = -101 + h. What is the tens digit of b?
9
Let x(r) = -4*r - 5. Let t be x(-2). Suppose t*h = 4*h + 121. Let s = 226 + h. What is the units digit of s?
5
Let r(a) = a**2 + 6*a. Let l(k) = -2*k**3 + 3*k**2 - 2*k + 4. Let c be l(2). Let d be r(c). Let t = 8 - d. What is the tens digit of t?
1
Suppose 313*m - 5*u - 20753 = 312*m, 0 = -2*m - 2*u + 41602. What is the tens digit of m?
9
What is the units digit of 13/416*-4 - (1220260/(-32) + -4)?
7
Let l(c) = 16*c**3 - 9*c**2 + 10*c + 19. What is the units digit of l(5)?
4
Let z(o) = 4*o - 95*o + 4*o + 8*o + 10. What is the hundreds digit of z(-6)?
4
Let i = -12821 + 18668. What is the tens digit of i?
4
Let x = 188 + 294. Let u = x + -317. Suppose -2*m + 362 = 3*t - 100, t = 3*m + u. What is the hundreds digit of t?
1
Let s(t) = 3599*t**2 - 6*t + 9. Let h be s(1). Suppose -3*o = 5*i - h, -3094 - 543 = -3*o + 2*i. What is the units digit of o?
9
Suppose 18*z = 15*z - 5*k + 21085, -5*z = k - 35105. What is the units digit of z?
0
Let i(g) = -193*g - 37. Let h be i(-24). Let w = -2591 + h. What is the hundreds digit of w?
0
Suppose i + 6*i = -84. Let g(s) be the first derivative of -s**3/3 - 9*s**2 - 17*s - 40. What is the tens digit of g(i)?
5
Let b = 11937 + 2075. What is the tens digit of b?
1
Let t(q) = q**3 + 10*q**2 - 5*q + 41. Let i(a) = a**2 + 20*a - 52. Let k be i(-22). What is the units digit of t(k)?
9
Suppose 786*q - 71270 = 711*q + 1584880. What is the units digit of q?
2
Suppose 7 = -w + 17. Suppose -2*a + 112 = -w*a. What is the tens digit of (-2)/a - 279/(-7)?
4
Suppose -3*u - 4*w - 131 = 39, -60 = u - 2*w. Let x = 66 + u. Suppose -496 = x*k - 16*k. What is the units digit of k?
2
Let j(q) = 60*q - 4. Let t be j(17). Let v = t - 635. What is the units digit of v?
1
Let b = -17 - -23. Let f = b - 2. Suppose f*c - 160 = -2*d + 456, 0 = 4*c + 3*d - 616. What is the units digit of c?
4
Let b be 1/((-23)/92 - (-2)/24). What is the tens digit of (-9 - (1 + b))*(-427)/14?
2
Let f(v) = -v**3 - 4*v**2 + 41*v + 15. Let i(u) = -3*u**2 - 29*u - 3. Let g be i(-10). What is the units digit of f(g)?
3
Let x = -3541 - -6376. What is the units digit of x?
5
Let b = 4413 - 2157. Suppose 71*q + b = 77*q. What is the tens digit of q?
7
Suppose 19 = -2*k - 25. Let q = 471 + k. What is the units digit of q?
9
Suppose 0 = -5*g - 4*m + 96, 0 = 4*g + 6*m - 5*m - 68. Suppose -4*z + 8 = -2*v, 6*v - 2*z + g = 7*v. Let b = v + 46. What is the tens digit of b?
5
Let r = 374 + -374. Suppose r = 235*l - 230*l - 4215. What is the hundreds digit of l?
8
Let k(q) = 51*q - 59. Let b be k(24). Suppose 0 = -a + 3*z + 604, -605 = -3*a - 5*z + b. Suppose 13*g - 18*g = -a. What is the hundreds digit of g?
1
Let k(j) = 107*j**2 + j - 1. Let b be k(1). Suppose b = 4*w + 35. What is the tens digit of w/(-9) - (-2 + (-135)/1)?
3
Let r be 876*((6 - 14) + 7). What is the hundreds digit of (315/(-90))/(2/r) + 2?
5
Let t be (2 - 24/20)*(-15)/6. Let u(g) = -10*g**3 - 4*g**2 - 4*g. Let x be u(t). Suppose 7*n = 6*n + x. What is the tens digit of n?
7
Suppose -2*w + 2 = -10. Let p(u) = -59 - 287*u - 388*u + 986*u - 281*u. What is the hundreds digit of p(w)?
1
Let x(m) = m**3 + 150*m**2 + 32*m + 24. What is the hundreds digit of x(17)?
8
Suppose -2*z + n + 2841 = 0, -3*n + 1892 = 4*z - 3785. What is the tens digit of z?
2
Let u = -54 + 51. Let b(t) = 91*t**2 - 18*t - 10. What is the units digit of b(u)?
3
Let c(o) = o**3 + 6*o**2 + 2*o + 14. Let f be c(-6). Suppose -h - 3*s = 10, -h = f*h - s - 10. What is the hundreds digit of -5 + 2 + (h - 0 - -180)?
1
Let o = -375 + 379. Suppose 0*q + 1841 = 2*q + 3*m, -o*m = -4*q + 3652. What is the tens digit of q?
1
Let b = 158 + -143. Suppose 26*u - 847 = b*u. What is the tens digit of u?
7
Let v(h) be the third derivative of 11*h**4/2 - h**3/6 - 2*h**2 + 29. What is the units digit of v(2)?
3
Let f be -494 - (-1 + (2 - -3)). What is the units digit of (3/9)/((-2)/f)?
3
Suppose -16 = -2*n + 6*n. Let r be (-1 + 1)/((-2)/n*-2). Suppose r = -5*z + 508 + 97. What is the hundreds digit of z?
1
Let x(s) be the second derivative of -7/2*s**2 + 1/3*s**3 - 9*s + 0. What is the units digit of x(9)?
1
Let s = -255 + 658. Let f = -7 + s. What is the hundreds digit of f?
3
Let h = 0 + -71. Suppose -3*s - 101 = 4*p, -4*p + s = -s + 126. Let o = p - h. What is the units digit of o?
2
Let i(v) = 29*v**3 - v**2 + 2*v - 1. Let o = -19 - -19. Suppose t + 4 = 0, -4*t - 19 = -3*k - o*k. What is the units digit of i(k)?
9
Let r(y) = y**2 - 2*y + 6. Let n be r(-4). Let m be 2/12 + (-1 - (-235)/n). Suppose 5*a - m*a + 164 = 0. What is the units digit of a?
2
Let a be (4/(-16) - (-9)/4) + 17. Suppose -s + 0*i - 2*i - 4 = 0, 5*i + a = 2*s. Suppose s